 of 388940 and 20.
20
Calculate the greatest common factor of 30318 and 106602.
978
What is the highest common factor of 5929 and 5341?
49
What is the highest common divisor of 100529 and 1976?
247
What is the highest common factor of 35625 and 500?
125
Calculate the highest common factor of 143068 and 9964.
188
Calculate the greatest common factor of 15400 and 10472.
616
What is the highest common factor of 7850 and 160?
10
What is the highest common factor of 105270 and 609?
87
Calculate the greatest common divisor of 4250 and 11662.
34
What is the highest common divisor of 2387 and 152383?
77
Calculate the greatest common divisor of 3181112 and 592.
296
What is the highest common divisor of 4369 and 7453?
257
Calculate the highest common divisor of 114824 and 1984.
248
Calculate the greatest common divisor of 29822 and 234.
26
Calculate the greatest common factor of 121 and 379577.
121
Calculate the highest common divisor of 2907 and 3315.
51
What is the greatest common divisor of 14200 and 7384?
568
What is the greatest common divisor of 480250 and 68?
34
Calculate the greatest common factor of 1482 and 10933.
13
Calculate the greatest common factor of 2468 and 56.
4
Calculate the highest common divisor of 1305 and 6119.
29
What is the highest common factor of 2516 and 901?
17
Calculate the highest common factor of 1343 and 2261.
17
Calculate the highest common divisor of 40315 and 440.
55
What is the highest common factor of 402 and 2645026?
134
Calculate the greatest common divisor of 615 and 67035.
615
What is the highest common divisor of 4370 and 17005?
95
What is the greatest common divisor of 28 and 3274502?
14
What is the greatest common divisor of 7743 and 10413?
267
Calculate the greatest common factor of 46 and 396129.
23
Calculate the greatest common factor of 5750 and 4002.
46
What is the highest common divisor of 11158 and 58?
2
Calculate the greatest common factor of 14870 and 250.
10
What is the highest common divisor of 1406138 and 204?
34
Calculate the greatest common factor of 130728 and 156.
156
What is the highest common factor of 1420315 and 195?
65
Calculate the greatest common divisor of 12766766 and 422.
422
What is the greatest common factor of 416 and 312416?
416
What is the highest common divisor of 61 and 558821?
61
What is the highest common factor of 42008 and 2714?
118
Calculate the highest common factor of 9558 and 288.
18
Calculate the highest common factor of 160040 and 88.
8
What is the greatest common divisor of 732270 and 330?
330
What is the highest common divisor of 45272 and 52?
4
What is the highest common factor of 31190 and 20?
10
Calculate the highest common divisor of 18540 and 640.
20
Calculate the highest common divisor of 18 and 13062.
6
Calculate the greatest common divisor of 7 and 81228.
7
What is the greatest common divisor of 1561 and 7136?
223
Calculate the greatest common divisor of 48762 and 1204.
602
Calculate the highest common factor of 5399054 and 1236.
206
Calculate the greatest common divisor of 566449 and 13.
13
What is the highest common factor of 291404 and 12624?
1052
Calculate the greatest common divisor of 21 and 5054.
7
What is the highest common divisor of 127 and 65024?
127
Calculate the greatest common factor of 14688 and 6264.
216
What is the greatest common factor of 2500609 and 19?
19
Calculate the greatest common divisor of 58388 and 1760.
44
What is the highest common divisor of 965 and 53847?
193
Calculate the greatest common divisor of 14240 and 2880.
160
What is the highest common factor of 143321 and 6281?
571
Calculate the greatest common factor of 864 and 9018.
54
What is the highest common divisor of 15447 and 2109?
57
Calculate the highest common factor of 267 and 91225.
89
What is the highest common factor of 125 and 170625?
125
Calculate the highest common divisor of 330 and 273130.
110
Calculate the highest common factor of 468 and 15.
3
What is the highest common divisor of 25090 and 6562?
386
What is the greatest common factor of 289 and 13583?
289
Calculate the greatest common factor of 9096 and 456.
24
Calculate the greatest common divisor of 56808 and 513.
27
Calculate the greatest common divisor of 896 and 4304.
16
What is the highest common factor of 551 and 29?
29
What is the highest common divisor of 164 and 200?
4
What is the greatest common divisor of 612 and 74154?
102
What is the greatest common factor of 16517 and 4975?
199
Calculate the highest common factor of 44 and 101761.
11
What is the highest common divisor of 86 and 36034?
86
What is the greatest common factor of 2925 and 238725?
225
What is the highest common factor of 20955 and 3630?
165
Calculate the greatest common factor of 18964 and 297.
11
What is the highest common divisor of 52 and 213356?
52
Calculate the highest common divisor of 4992 and 648.
24
What is the greatest common divisor of 63 and 95074?
7
What is the highest common divisor of 35 and 3836?
7
What is the highest common divisor of 7565426 and 682?
682
What is the highest common divisor of 110 and 1984642?
22
Calculate the greatest common divisor of 115542 and 686.
98
What is the greatest common divisor of 987 and 11067?
21
What is the highest common factor of 2178 and 3690?
18
Calculate the highest common divisor of 180948 and 1836.
204
What is the highest common divisor of 521 and 5448097?
521
Calculate the highest common divisor of 2100 and 798.
42
Calculate the highest common divisor of 927 and 123.
3
Calculate the highest common divisor of 4864 and 76000.
608
What is the greatest common divisor of 33299 and 7455?
497
What is the greatest common divisor of 3297 and 63?
21
Calculate the greatest common factor of 73528 and 266.
14
What is the highest common divisor of 16797 and 1716?
33
What is the greatest common divisor of 11501 and 3472?
217
What is the highest common divisor of 11354 and 413?
7
Calculate the greatest common factor of 479876 and 136.
68
What is the highest common factor of 110552 and 416?
104
What is the highest common divisor of 396 and 174372?
132
Calculate the highest common factor of 64500 and 172.
172
What is the highest common divisor of 465365 and 1713?
571
What is the highest common factor of 252 and 20340?
36
What is the highest common divisor of 474 and 2598942?
474
What is the greatest common factor of 1267346 and 46?
46
Calculate the greatest common divisor of 67037 and 344.
43
What is the greatest common divisor of 1923144 and 48?
24
What is the highest common factor of 38605 and 3745?
35
Calculate the greatest common factor of 75673 and 1209.
13
Calculate the highest common divisor of 108 and 80262.
18
Calculate the highest common divisor of 2082054 and 12.
6
What is the highest common divisor of 529192 and 464?
232
Calculate the highest common divisor of 100 and 1402300.
100
What is the highest common factor of 460290 and 603?
201
Calculate the highest common factor of 681 and 27467.
227
Calculate the highest common divisor of 306 and 471699.
153
What is the greatest common factor of 6756 and 216?
12
Calculate the highest common divisor of 1482 and 172254.
114
What is the greatest common divisor of 88 and 1221748?
44
What is the highest common factor of 3 and 35856?
3
What is the greatest common factor of 33350 and 129950?
1150
What is the highest common divisor of 221 and 1675843?
221
Calculate the greatest common factor of 291580 and 239.
239
What is the greatest common factor of 3950 and 68?
2
What is the greatest common factor of 35 and 4406745?
35
Calculate the greatest common factor of 182 and 10062962.
182
What is the highest common divisor of 5673 and 11163?
183
Calculate the greatest common factor of 61776 and 38544.
528
Calculate the greatest common divisor of 111 and 27.
3
Calculate the greatest common divisor of 1152 and 479664.
144
What is the highest common factor of 28 and 27566?
14
What is the highest common divisor of 288 and 188736?
96
What is the highest common factor of 595 and 345355?
85
Calculate the greatest common factor of 18 and 82374.
6
Calculate the greatest common factor of 2817106 and 74.
74
What is the greatest common factor of 71433 and 9?
9
Calculate the highest common factor of 339098 and 4816.
86
What is the greatest common divisor of 2